 divide 134689357?
False
Is 578984519 a multiple of 44?
False
Is 244301596 a multiple of 308?
True
Is 20022520 a multiple of 1505?
True
Does 1204 divide 141945580?
True
Is 1567 a factor of 47240349?
True
Is 28 a factor of 219551163?
False
Is 1775 a factor of 208161350?
True
Is 26 a factor of 79567204?
False
Does 33 divide 2948932?
False
Is 185 a factor of 78375250?
True
Does 24 divide 19786248?
True
Does 6179 divide 303355137?
False
Is 85473506 a multiple of 41?
False
Does 22 divide 117393794?
False
Is 361192941 a multiple of 261?
True
Is 33 a factor of 1162196663?
False
Is 1149 a factor of 180840651?
False
Does 2411 divide 39924321?
False
Is 14 a factor of 828662268?
True
Is 2042 a factor of 3271559?
False
Does 27 divide 14370859?
False
Is 43 a factor of 1717369079?
False
Is 25062810 a multiple of 166?
False
Does 23 divide 143622212?
True
Is 44950706 a multiple of 40?
False
Is 708080755 a multiple of 3?
False
Is 1302858872 a multiple of 615?
False
Is 7224750 a multiple of 78?
True
Does 7 divide 264509300?
False
Does 515 divide 845835550?
False
Does 62 divide 1476491622?
True
Is 29 a factor of 201708176?
False
Does 3627 divide 458317750?
False
Is 41 a factor of 31469948?
False
Is 10 a factor of 2372921101?
False
Is 185 a factor of 7640203?
False
Is 61844380 a multiple of 20?
True
Is 41 a factor of 548250238?
False
Is 76413618 a multiple of 498?
True
Does 1224 divide 46450716?
False
Is 202 a factor of 1916882030?
True
Is 8 a factor of 8634648?
True
Does 508 divide 66954908?
True
Is 48522718 a multiple of 1126?
True
Does 1532 divide 1549824997?
False
Is 56553596 a multiple of 1081?
True
Does 13 divide 663992422?
False
Is 42 a factor of 367998199?
False
Is 103 a factor of 22005176?
False
Does 22 divide 133296315?
False
Is 5304 a factor of 491224471?
False
Is 13398902 a multiple of 16?
False
Does 2622 divide 2613612213?
False
Does 14 divide 7416120?
False
Is 145 a factor of 323621295?
True
Is 40 a factor of 1537360?
True
Is 55 a factor of 36894495?
True
Is 12 a factor of 1506337041?
False
Is 13958578 a multiple of 32?
False
Does 12 divide 12710909?
False
Is 8 a factor of 13117003?
False
Is 492 a factor of 17158992?
True
Is 404 a factor of 267267072?
False
Does 4 divide 13479547?
False
Is 5550460 a multiple of 575?
False
Is 20 a factor of 1354551621?
False
Is 2955812108 a multiple of 17?
False
Is 1799634020 a multiple of 144?
False
Is 351269561 a multiple of 11?
False
Is 4902346 a multiple of 277?
True
Is 4015677640 a multiple of 920?
True
Is 3585 a factor of 1575545521?
False
Is 37777338 a multiple of 5?
False
Does 18 divide 89626049?
False
Is 3660045404 a multiple of 16?
False
Is 47625022 a multiple of 124?
False
Is 28 a factor of 4462120488?
True
Does 231 divide 13779923?
False
Does 1981 divide 2550753429?
True
Does 96 divide 1628111232?
True
Is 664763576 a multiple of 4?
True
Is 124420892 a multiple of 1564?
True
Is 109514165 a multiple of 758?
False
Does 3 divide 1464507?
True
Is 1520 a factor of 62871760?
True
Is 3424 a factor of 66877568?
True
Is 3 a factor of 2484232?
False
Is 30646230 a multiple of 30?
True
Is 482 a factor of 2242985554?
True
Is 225 a factor of 8593895?
False
Is 3626 a factor of 132903778?
True
Is 38 a factor of 6079651122?
True
Does 1832 divide 69240440?
True
Does 8357 divide 571013992?
False
Is 9 a factor of 46839393?
True
Does 272 divide 332906208?
False
Is 12444608 a multiple of 352?
True
Is 455 a factor of 23564269?
False
Is 2165 a factor of 79940460?
True
Is 9 a factor of 6119333883?
True
Is 15 a factor of 797063280?
True
Does 443 divide 8898098?
True
Does 2 divide 61057946?
True
Is 177466240 a multiple of 4239?
False
Is 16 a factor of 1658860145?
False
Is 811 a factor of 159361500?
True
Does 44 divide 23923944?
True
Is 2395 a factor of 1203956108?
False
Is 386264712 a multiple of 519?
True
Does 1183 divide 1961149008?
True
Does 16 divide 7381198?
False
Is 47051817 a multiple of 771?
True
Does 29 divide 73555107?
True
Is 499073719 a multiple of 1852?
False
Does 55 divide 525905398?
False
Is 189894800 a multiple of 80?
True
Is 85975848 a multiple of 28?
True
Is 3198 a factor of 217080240?
True
Is 67 a factor of 1885390615?
False
Is 91 a factor of 129494638?
True
Is 13133094 a multiple of 137?
True
Does 609 divide 52683372?
True
Is 1498 a factor of 56766710?
True
Does 3020 divide 52177298?
False
Does 1857 divide 903910820?
False
Is 524708238 a multiple of 498?
True
Does 428 divide 4808223?
False
Is 700 a factor of 3106449571?
False
Does 46 divide 73734209?
False
Is 1121458547 a multiple of 1081?
False
Is 21 a factor of 147033592?
False
Is 8 a factor of 1003857686?
False
Does 19 divide 8721380?
True
Is 243788022 a multiple of 1431?
True
Is 45 a factor of 159035760?
True
Does 291 divide 27910877?
False
Is 1735612620 a multiple of 8295?
True
Does 154 divide 109219418?
True
Is 2005834050 a multiple of 5274?
True
Is 1694325563 a multiple of 191?
False
Is 24370388 a multiple of 28?
True
Does 35 divide 1177023680?
True
Is 16703792 a multiple of 868?
True
Does 269 divide 410903771?
False
Does 20 divide 3448874?
False
Does 250 divide 23939750?
True
Does 88 divide 181734372?
False
Is 5880392 a multiple of 354?
False
Is 819 a factor of 740149137?
True
Is 417005538 a multiple of 181?
True
Does 5366 divide 451909099?
False
Does 180 divide 952583940?
True
Is 2286963495 a multiple of 79?
True
Is 57 a factor of 203718?
True
Is 631523690 a multiple of 2867?
False
Does 3390 divide 9172337?
False
Is 577668782 a multiple of 136?
False
Does 109 divide 11869804?
False
Is 234999404 a multiple of 27?
False
Is 193031770 a multiple of 1445?
True
Does 37 divide 100397259?
False
Is 227 a factor of 7327818?
False
Is 31479812 a multiple of 439?
True
Is 3873 a factor of 472209053?
False
Is 83636472 a multiple of 3158?
True
Does 133 divide 36681888?
False
Is 465 a factor of 20974307?
False
Is 705 a factor of 37534200?
True
Does 12 divide 8240122?
False
Is 408 a factor of 150658896?
True
Is 66920552 a multiple of 8?
True
Does 358 divide 20532732?
True
Is 63 a factor of 3573830?
False
Is 2239863 a multiple of 153?
False
Is 46330978 a multiple of 682?
False
Is 32 a factor of 1209452672?
True
Is 68 a factor of 1029919520?
False
Does 195 divide 2210438764?
False
Is 181278355 a multiple of 185?
True
Is 24238536 a multiple of 98?
True
Is 33 a factor of 32806785?
True
Is 477568504 a multiple of 2254?
True
Does 44 divide 83101392?
True
Does 2501 divide 143409841?
True
Is 796837295 a multiple of 19?
True
Is 401906998 a multiple of 2525?
False
Is 884583178 a multiple of 40?
False
Is 6485247586 a multiple of 141?
False
Is 236748823 a multiple of 1491?
False
Is 467 a factor of 20886108?
True
Does 12 divide 33447564?
True
Does 5467 divide 664896313?
False
Is 23 a factor of 45239804?
True
Does 18 divide 38309401?
False
Is 329 a factor of 94247972?
True
Does 10 divide 3316618?
False
Is 1865 a factor of 74430540?
False
Is 597932685 a multiple of 945?
True
Is 5915794340 a multiple of 422?
True
Is 2784613230 a multiple of 14?
True
Is 3 a factor of 186133685?
False
Does 117 divide 3417780?
False
Is 867136074 a multiple of 7?
True
Is 314 a factor of 1454765140?
True
Is 728 a factor of 46148648?
True
Is 2 a factor of 23955480?
True
Does 37 divide 354383326?
False
Is 128904001 a multiple of 8?
False
Does 14 divide 11785267?
False
Is 2761 a factor of 12233991?
True
Is 137372339 even?
False
Is 91427515 a multiple of 9?
False
Is 9 a factor of 168490488?
False
Is 58 a factor of 39067803?
False
Is 150196905 a multiple of 51?
False
Is 25 a factor of 2820358646?
False
Is 5 a factor of 12177813?
False
Is 2930 a factor of 54172770?
True
Does 69 divide 143920614?
True
Is 134971158 a multiple of 3?
True
Does 45 divide 1295515966?
False
Is 428 a factor of 252174604?
True
Does 12 divide 6031848?
True
Is 121213773 a multiple of 9?
True
Is 17 a factor of 393044006?
False
Is 243031930 a multiple of 25?
False
Is 204 a factor of 67141438?
False
Is 2 a factor of 378339995?
False
Is 27 a factor of 3663460?
False
Is 50581216 a multiple of 56?
True
Is 7 a factor of 309934625?
True
Is 43 a factor of 766113929?
True
Is 105856688 a multiple of 1904?
True
Is 3140 a factor of 282942260?
True
Does 12 divide 4862616?
True
Does 53 divide 647602320?
False
Does 947 divide 71244504?
False
Does 47 div